t is o(m)?
-2
Let c(w) = 4*w + 11*w**2 - 10*w**2 + 4 + w. Calculate c(-4).
0
Let i be 12/30 - (-56)/10. Suppose 6 + i = -2*s - 3*b, s = 2*b + 8. Let n(l) = l**2 + 1. What is n(s)?
1
Suppose 4 + 20 = 3*c. Suppose c = -2*f - 0*f. Let o(z) = z**2 + 4*z + 1. Let n be o(f). Let d(q) = -8*q + 1. Determine d(n).
-7
Let w = 5 + -8. Let b be 7*(w + 23/7). Let v(j) = 1 + 0 + j - 3. Determine v(b).
0
Let c(i) be the second derivative of 5*i + 0*i**4 + 1/2*i**2 + 0 - 1/20*i**5 + 1/6*i**3. What is c(-1)?
1
Let q(i) = -2*i - 4. Let v be q(-3). Let g(j) = 3*j**2 - 3*j + 3. Give g(v).
9
Let j be (1 - -2 - 2)/(-1). Let k(f) be the third derivative of 1/24*f**4 + 0*f**3 + 0 + 0*f + f**2. What is k(j)?
-1
Let b = 21 + -17. Let j = 2 - 0. Suppose b*h = -2*w - 22, 2*h - 5*w = -j*w - 7. Let k(y) = -y + 1. Calculate k(h).
6
Let c(x) = 4*x + x + 14 - 10 - x**2. What is c(7)?
-10
Let v = 3 - -2. Let w(z) be the third derivative of -z**6/360 + z**5/40 + z**4/6 + z**3/2 - 6*z**2. Let l(h) be the first derivative of w(h). Determine l(v).
-6
Let l(p) = -53*p**2 + p**3 + 104*p**2 - 3 - 55*p**2 - 5*p. Determine l(5).
-3
Let t(i) = 4*i**2 - 8*i + 5. Let s(h) = 1 + 8 - 9*h - 5 + 5*h**2 + 2. Let j(b) = -5*s(b) + 6*t(b). Give j(-3).
0
Suppose 2 = -2*g - 2*j, 2*g + 1 = -j - 5. Let b(n) = n + 3. Give b(g).
-2
Let g(y) be the first derivative of -y**3/3 - y - 2. Let i(o) = 4*o**2 - 3*o - 2. Let d(b) = -3*g(b) - i(b). Calculate d(5).
-5
Suppose -25 = 7*j - 53. Let q(w) = w**3 - 3*w**2 - 5*w + 5. Calculate q(j).
1
Let v(f) = -2 + 0*f**3 - f**3 + 0*f**3 + f + 3*f**2 - f**3. Determine v(2).
-4
Let a(u) = 0*u + 0*u + 0 + 2 - 3*u. Determine a(2).
-4
Let p(c) be the second derivative of -c**3/6 + 3*c**2/2 + 19*c. Let n(x) = -5*x**3 - 2*x**2 + 1. Let u be n(1). Give p(u).
9
Let k(g) = -2*g + 3. Let t(n) = -2*n + 2. Let z(s) = 2*k(s) - 3*t(s). Calculate z(3).
6
Let q(l) = 9*l + 1. Let x = 1 - -1. Suppose x*o + 0 + 2 = 0. Calculate q(o).
-8
Let x be (-6)/10*(-25 + 20). Let v(a) = -2*a + 4. What is v(x)?
-2
Let v(t) = -5*t**2 + 11. Let h(m) be the first derivative of m**3/3 + m**2/2 - m + 5. Let c(k) = -6*h(k) - v(k). What is c(-4)?
3
Let j(n) = 4*n**2 + 9*n - 57. Let q(a) = -a**2 - 2*a + 14. Let y(z) = 2*j(z) + 9*q(z). Let g = 15 + -15. Give y(g).
12
Suppose -4*t = 4*r, -5*t - 2*r = r - 2. Let o be ((-1)/(-3))/(1/(-3)). Let q be (t + 0)/o*5. Let m(f) = -f**3 - 6*f**2 - 3*f + 7. What is m(q)?
-3
Let c(s) be the third derivative of 0 + 0*s - 7/24*s**4 - 1/10*s**5 - 1/6*s**3 - 4*s**2 - 1/120*s**6. What is c(-5)?
9
Let o(r) = r**2 + 2*r + 2. Let i be o(-3). Let z(f) = -f**2 + 6*f - 7. What is z(i)?
-2
Let a(w) = w**2 + 9*w + 5. Let p = -5 + 10. Let m = -2 - p. Calculate a(m).
-9
Let x = 29 - 19. Let g = x - 9. Let f(j) = -10*j**2 - j + 1. Calculate f(g).
-10
Suppose -2*p = -p - 3. Suppose -3*k + 0*k + p = 0. Let t(m) be the first derivative of -2*m**3/3 + m + 2. What is t(k)?
-1
Let m(n) = -2*n**3 + 2*n**2 + 3*n - 2. Let q be 10*(4/8)/1. Suppose -16 = -q*i - 6. What is m(i)?
-4
Let d(f) be the second derivative of f**4/12 + 5*f**3/6 + 3*f**2/2 + 11*f. What is d(-3)?
-3
Suppose 8 = v - z, -5*v + 0*v + 37 = -4*z. Let m(u) be the third derivative of -u**6/120 + u**5/12 - 2*u**3/3 - u**2. Give m(v).
-4
Suppose -6*m - g + 20 = -2*m, -3*m = 4*g - 2. Let k(u) = u**3 - 5*u**2 - 6*u - 2. What is k(m)?
-2
Let k be (-15)/(-6)*(-12)/(-10). Let d(r) = -r**2 - 8 + k + 9. Calculate d(0).
4
Let x = 4 - -10. Suppose -7*c + 23 = 3*l - 2*c, -3*l + 4*c = -x. Let b(f) = f**3 - 6*f**2 + 3*f - 8. Give b(l).
10
Let h(d) = d**3 + d + 1. Let o(b) = 3*b**2 - 4*b + 3. Let l(r) = -h(r) + o(r). Determine l(3).
-13
Let w(j) be the third derivative of 2*j**2 + 0*j + 0 - 1/8*j**4 + 1/3*j**3 + 1/120*j**5. Let a(c) be the first derivative of w(c). Give a(-5).
-8
Let o be (2/(-4))/(2/12). Let c be (1*(-1 - o))/(-2). Let u(i) be the second derivative of 5*i**3/6 + i**2/2 - 3*i. What is u(c)?
-4
Suppose x - 3*x = 4*q + 6, -5*x = 2*q - 17. Let j(k) = 4*k**2 - k**3 + 1 + k + 0*k**3 + 4*k. Give j(x).
1
Suppose -25 = 3*k - 5*i, -10 + 30 = 4*i. Let j(z) = -z + 4. Give j(k).
4
Let u(j) = j**2 + 7*j + 6. Let x be (-1 - 57/(-21))*7. Suppose 17 = 2*z - 2*y + 3, -3*y - x = 0. Suppose -2*p = -3*b + 19, 2*p - 3*b + 4 = z*p. What is u(p)?
-4
Suppose -6*w = -9*w. Let p(f) = f + 4. Give p(w).
4
Let l(f) be the second derivative of -1/2*f**4 + 0*f**2 + f**3 + 1/20*f**5 + f + 0. Suppose -5*y = -2*o + 28, -o = 4*y + 8 + 4. Calculate l(o).
-8
Let x(h) be the third derivative of h**5/15 - h**4/24 - h**3/6 - h**2. Give x(2).
13
Let a(m) = m**3 - 2*m**2 - m. Let h(k) = k**3 + 8*k**2 - 8*k + 13. Let o be h(-9). Suppose g - 5*r + 4*r - 7 = 0, 0 = -o*g + r + 16. Determine a(g).
6
Suppose -2*t = -2*a, 2*t - 3*a = -0*t. Let i(w) = t*w - 2*w + w. Calculate i(-2).
2
Let v(z) = 61 - 115 + 4*z + 56. Let s be (-2 + (-8)/(-6))*3. Determine v(s).
-6
Let p(g) = 5*g**2 + 0*g - g**3 + 1 - g - 6. Let m = -5 - -20. Let z be 10/((-6)/m*-5). Give p(z).
-10
Let u(r) = -r - 5. Suppose 0 = -2*x - 20 + 6. Give u(x).
2
Let t(n) = -2*n - 6. Let l = -37 - -31. Calculate t(l).
6
Let p(k) = k + 7. Let n be 5 - 7 - -3*1. Let a be ((n - -2) + -1)*1. Let q be (-2)/a*(0 - 0). Determine p(q).
7
Let j(u) = u**3 - 8*u**2 + 7*u + 5. Let f(r) = r**3 + 6*r**2 + 5*r + 7. Let v be f(-5). Determine j(v).
5
Let n be (-9)/15 + (-12)/5. Let a be ((-10)/n*-3)/(-2). Let k be 2 + 0 + a/(-1). Let f(x) = x**3 + 3*x**2 - 3*x - 4. Determine f(k).
5
Let l(h) = 6*h**2 + 4*h + 2. Let n(v) = 7*v**2 + 4*v + 3. Let c(b) = -6*l(b) + 5*n(b). Suppose 45 = -5*s - 5*g, -4*s + 0*g - 5*g - 41 = 0. Determine c(s).
3
Let n be (0 + 0)*(-2)/4. Let g = 4 - n. Let j(p) = -p**2 + 2*p + 4. Determine j(g).
-4
Let k(m) = -m**2 + 10*m + 8. Let i be k(9). Suppose -3*n = f - i, 2*f + 3*n - 26 = -7. Let y(g) = -2*g - 2. What is y(f)?
-6
Let f(i) = 0 + 2*i - 3*i - 5 + 3*i. What is f(4)?
3
Let t(a) = -3 + 2*a - 5 - 5*a**3 + 5*a**2 + 1. Let q(f) = f**3 - f**2 + 1. Let n(l) = -6*q(l) - t(l). Determine n(2).
-7
Let w(r) = 5*r**3 + 11*r**2 + 12*r - 10. Let j(u) = -4*u**3 - 10*u**2 - 11*u + 9. Let a(d) = -6*j(d) - 5*w(d). What is a(6)?
-4
Let a(u) = -u + 4 + u - u**2 - u + 0*u. What is a(-3)?
-2
Let c(t) be the first derivative of t**7/280 + t**6/180 - t**4/24 - 2*t**3 - 5. Let z(m) be the third derivative of c(m). Give z(1).
4
Let a(z) = z**2 - 5*z - 7. Let d(u) = 3*u**2 + 4*u + 2. Let k be d(-2). Calculate a(k).
-1
Let z = -35 + 51. Suppose p = 5*p - z. Let u(x) = 0 + 0 + 4*x + p. Determine u(-3).
-8
Let r be (-14)/(-2)*(0 - 1). Let h(c) = c**2 + 8*c + 8. What is h(r)?
1
Let i(f) be the first derivative of 3*f**2/2 + 2*f + 3. Let n(x) = -x**2 - 2*x - 8 + 2*x + 10. Let u be n(2). What is i(u)?
-4
Let n = 16 - 20. Let d(h) = 2*h + 3. What is d(n)?
-5
Let i(g) = 4*g + 1. Let h = 10 + -8. Let o(j) = -2*j**2 + 4*j - 2. Let u be o(h). What is i(u)?
-7
Let t = 78 - 83. Let w(x) = x**2 + 5*x - 7. Give w(t).
-7
Let y(j) be the first derivative of j**2/2 + 7*j - 17. Determine y(-10).
-3
Let m(l) = 2*l - 5. Let d = 43 + -31. Suppose -2*g + d = -0*g. Calculate m(g).
7
Let s(z) = z**2 - 2*z + 2. Let v be 66/15 - (-2)/(-5). Calculate s(v).
10
Suppose -3*b + 12 = b. Let z(k) be the third derivative of k**6/360 - k**5/24 + k**4/12 + k**3/3 - 2*k**2. Let s(g) be the first derivative of z(g). Give s(b).
-4
Let r(y) be the second derivative of y**3/6 - 3*y**2/2 - 6*y. Give r(2).
-1
Let g be ((-4)/(-8))/((-2)/4). Let f(h) = 12*h + 4 - 4*h - 3. Give f(g).
-7
Let d(p) = -p + 4*p - 4*p + 2*p. What is d(-1)?
-1
Suppose 0 = 5*h - 4*j - 11, h = 5*j - 3 + 1. Let w(m) = -m**3 + 4*m**2 - 3. What is w(h)?
6
Let w(y) = -2*y - 4. Let k(h) = 4*h + 9. Let t(d) = 2*k(d) + 5*w(d). Let g be ((12/5)/(-2))/((-6)/(-30)). Give t(g).
10
Let j(i) = 1 - i + 0 + 0 + 2. What is j(-3)?
6
Let j(q) = -11*q + 7. Let r(k) = -5*k + 3. Let w(a) = -4*j(a) + 9*r(a). Let s(y) = 4*y + 2. Let u be s(-1). Determine w(u).
1
Let m = 6 - 11. Let w(a) = -58 - 58 - a**2 + 114 - 7*a. Calculate w(m).
8
Let j(q) = q**2 + 2*q. Let a(l) = -7*l**2 - 17*l. Let n(s) = -6*a(s) - 51*j(s). What is n(-1)?
-9
Let l(y) = -9*y**2 + 14*y - 3. Let i(q) = 5*q**2 - 7*q + 2. Let b(r) = 11*i(r) + 6*l(r). Let h = -10 + 5. What is b(h)?
-6
Let f(x) be the first derivative of -5*x**2/2 + 3*x - 3. Give f(2).
-7
Let c